{"id":10822,"date":"2024-10-14T12:00:13","date_gmt":"2024-10-14T15:00:13","guid":{"rendered":"https:\/\/horizondistribuidora.com\/?page_id=10822"},"modified":"2024-10-31T18:36:18","modified_gmt":"2024-10-31T21:36:18","slug":"solicitar-cadastro","status":"publish","type":"page","link":"https:\/\/horizondistribuidora.com\/index.php\/solicitar-cadastro\/","title":{"rendered":"Solicitar Cadastro"},"content":{"rendered":"\t\t<div data-elementor-type=\"wp-page\" data-elementor-id=\"10822\" class=\"elementor elementor-10822\" data-elementor-post-type=\"page\">\n\t\t\t\t<div data-particle_enable=\"false\" data-particle-mobile-disabled=\"false\" class=\"elementor-element elementor-element-d096a3f e-con-full wd-section-stretch e-flex e-con e-parent\" data-id=\"d096a3f\" data-element_type=\"container\" data-settings=\"{&quot;background_background&quot;:&quot;gradient&quot;}\">\n\t\t<div data-particle_enable=\"false\" data-particle-mobile-disabled=\"false\" class=\"elementor-element elementor-element-85e2d7d e-con-full e-flex e-con e-child\" data-id=\"85e2d7d\" data-element_type=\"container\">\n\t\t\t\t<div class=\"elementor-element elementor-element-4199fa8 elementor-widget-mobile__width-initial elementor-widget elementor-widget-html\" data-id=\"4199fa8\" data-element_type=\"widget\" data-widget_type=\"html.default\">\n\t\t\t\t<div class=\"elementor-widget-container\">\n\t\t\t\t\t<div class=\"bola-container\">\r\n    <div class=\"bola\"><\/div>\r\n    <div class=\"texto-animado\">\r\n       VALIDA\u00c7\u00c3O AUTOM\u00c1TICA\r\n    <\/div>\r\n<\/div>\r\n\t\t\t\t<\/div>\n\t\t\t\t<\/div>\n\t\t\t\t<div class=\"elementor-element elementor-element-b08bd26 elementor-widget elementor-widget-heading\" data-id=\"b08bd26\" data-element_type=\"widget\" data-widget_type=\"heading.default\">\n\t\t\t\t<div class=\"elementor-widget-container\">\n\t\t\t\t\t<h2 class=\"elementor-heading-title elementor-size-default\">Solicitar Cadastro<\/h2>\t\t\t\t<\/div>\n\t\t\t\t<\/div>\n\t\t\t\t<div class=\"elementor-element elementor-element-e558cfd color-scheme-inherit text-left elementor-widget elementor-widget-text-editor\" data-id=\"e558cfd\" data-element_type=\"widget\" data-widget_type=\"text-editor.default\">\n\t\t\t\t<div class=\"elementor-widget-container\">\n\t\t\t\t\t\t\t\t\t<p>A Horizon s\u00f3 realiza vendas para lojistas. Se voc\u00ea \u00e9 um lojista, por favor, solicite seu cadastro abaixo.<\/p>\t\t\t\t\t\t\t\t<\/div>\n\t\t\t\t<\/div>\n\t\t\t\t<div class=\"elementor-element elementor-element-771f421 elementor-widget__width-initial elementor-button-align-stretch elementor-widget elementor-widget-form\" data-id=\"771f421\" data-element_type=\"widget\" data-settings=\"{&quot;step_next_label&quot;:&quot;Pr\\u00f3ximo&quot;,&quot;step_previous_label&quot;:&quot;Anterior&quot;,&quot;button_width&quot;:&quot;100&quot;,&quot;step_type&quot;:&quot;number_text&quot;,&quot;step_icon_shape&quot;:&quot;circle&quot;}\" data-widget_type=\"form.default\">\n\t\t\t\t<div class=\"elementor-widget-container\">\n\t\t\t\t\t\t\t<form class=\"elementor-form\" method=\"post\" id=\"forms3\" name=\"Novo formul\u00e1rio\" aria-label=\"Novo formul\u00e1rio\">\n\t\t\t<input type=\"hidden\" name=\"post_id\" value=\"10822\"\/>\n\t\t\t<input type=\"hidden\" name=\"form_id\" value=\"771f421\"\/>\n\t\t\t<input type=\"hidden\" name=\"referer_title\" value=\"Solicitar Cadastrohorizondistribuidora.com\" \/>\n\n\t\t\t\t\t\t\t<input type=\"hidden\" name=\"queried_id\" value=\"10822\"\/>\n\t\t\t\n\t\t\t<div class=\"elementor-form-fields-wrapper elementor-labels-above\">\n\t\t\t\t\t\t\t\t<div class=\"elementor-field-type-text elementor-field-group elementor-column elementor-field-group-cnpj elementor-col-25\">\n\t\t\t\t\t\t\t\t\t\t\t\t<label for=\"form-field-cnpj\" class=\"elementor-field-label\">\n\t\t\t\t\t\t\t\tCNPJ\t\t\t\t\t\t\t<\/label>\n\t\t\t\t\t\t\t\t\t\t\t\t\t\t<input size=\"1\" type=\"text\" name=\"form_fields[cnpj]\" id=\"form-field-cnpj\" class=\"elementor-field elementor-size-md  elementor-field-textual\" placeholder=\"INSIRA SOMENTE N\u00daMEROS E OS DAMAIS DADOS SER\u00c3O CARREGADOS\">\n\t\t\t\t\t\t\t\t\t\t\t<\/div>\n\t\t\t\t\t\t\t\t<div class=\"elementor-field-type-text elementor-field-group elementor-column elementor-field-group-empresa elementor-col-30 elementor-sm-100 elementor-field-required elementor-mark-required\">\n\t\t\t\t\t\t\t\t\t\t\t\t<label for=\"form-field-empresa\" class=\"elementor-field-label\">\n\t\t\t\t\t\t\t\tEMPRESA\t\t\t\t\t\t\t<\/label>\n\t\t\t\t\t\t\t\t\t\t\t\t\t\t<input size=\"1\" type=\"text\" name=\"form_fields[empresa]\" id=\"form-field-empresa\" class=\"elementor-field elementor-size-md  elementor-field-textual\" required=\"required\">\n\t\t\t\t\t\t\t\t\t\t\t<\/div>\n\t\t\t\t\t\t\t\t<div class=\"elementor-field-type-text elementor-field-group elementor-column elementor-field-group-cep elementor-col-25\">\n\t\t\t\t\t\t\t\t\t\t\t\t<label for=\"form-field-cep\" class=\"elementor-field-label\">\n\t\t\t\t\t\t\t\tCep\t\t\t\t\t\t\t<\/label>\n\t\t\t\t\t\t\t\t\t\t\t\t\t\t<input size=\"1\" type=\"text\" name=\"form_fields[cep]\" id=\"form-field-cep\" class=\"elementor-field elementor-size-md  elementor-field-textual\">\n\t\t\t\t\t\t\t\t\t\t\t<\/div>\n\t\t\t\t\t\t\t\t<div class=\"elementor-field-type-text elementor-field-group elementor-column elementor-field-group-numero elementor-col-20\">\n\t\t\t\t\t\t\t\t\t\t\t\t<label for=\"form-field-numero\" class=\"elementor-field-label\">\n\t\t\t\t\t\t\t\tN\u00ba\t\t\t\t\t\t\t<\/label>\n\t\t\t\t\t\t\t\t\t\t\t\t\t\t<input size=\"1\" type=\"text\" name=\"form_fields[numero]\" id=\"form-field-numero\" class=\"elementor-field elementor-size-md  elementor-field-textual\">\n\t\t\t\t\t\t\t\t\t\t\t<\/div>\n\t\t\t\t\t\t\t\t<div class=\"elementor-field-type-text elementor-field-group elementor-column elementor-field-group-rua elementor-col-60\">\n\t\t\t\t\t\t\t\t\t\t\t\t<label for=\"form-field-rua\" class=\"elementor-field-label\">\n\t\t\t\t\t\t\t\tEndere\u00e7o\t\t\t\t\t\t\t<\/label>\n\t\t\t\t\t\t\t\t\t\t\t\t\t\t<input size=\"1\" type=\"text\" name=\"form_fields[rua]\" id=\"form-field-rua\" class=\"elementor-field elementor-size-md  elementor-field-textual\">\n\t\t\t\t\t\t\t\t\t\t\t<\/div>\n\t\t\t\t\t\t\t\t<div class=\"elementor-field-type-text elementor-field-group elementor-column elementor-field-group-cnae elementor-col-40\">\n\t\t\t\t\t\t\t\t\t\t\t\t<label for=\"form-field-cnae\" class=\"elementor-field-label\">\n\t\t\t\t\t\t\t\tCNAE\t\t\t\t\t\t\t<\/label>\n\t\t\t\t\t\t\t\t\t\t\t\t\t\t<input size=\"1\" type=\"text\" name=\"form_fields[cnae]\" id=\"form-field-cnae\" class=\"elementor-field elementor-size-md  elementor-field-textual\">\n\t\t\t\t\t\t\t\t\t\t\t<\/div>\n\t\t\t\t\t\t\t\t<div class=\"elementor-field-type-email elementor-field-group elementor-column elementor-field-group-email elementor-col-50 elementor-field-required elementor-mark-required\">\n\t\t\t\t\t\t\t\t\t\t\t\t<label for=\"form-field-email\" class=\"elementor-field-label\">\n\t\t\t\t\t\t\t\tE-mail\t\t\t\t\t\t\t<\/label>\n\t\t\t\t\t\t\t\t\t\t\t\t\t\t<input size=\"1\" type=\"email\" name=\"form_fields[email]\" id=\"form-field-email\" class=\"elementor-field elementor-size-md  elementor-field-textual\" placeholder=\"Seu melhor e-mail\" required=\"required\">\n\t\t\t\t\t\t\t\t\t\t\t<\/div>\n\t\t\t\t\t\t\t\t<div class=\"elementor-field-type-text elementor-field-group elementor-column elementor-field-group-telefone elementor-col-50 elementor-field-required elementor-mark-required\">\n\t\t\t\t\t\t\t\t\t\t\t\t<label for=\"form-field-telefone\" class=\"elementor-field-label\">\n\t\t\t\t\t\t\t\tWhatsapp\t\t\t\t\t\t\t<\/label>\n\t\t\t\t\t\t\t\t\t\t\t\t\t\t<input size=\"1\" type=\"text\" name=\"form_fields[telefone]\" id=\"form-field-telefone\" class=\"elementor-field elementor-size-md  fme-mask-input mask_control_@ev-tel-ddd9 money_mask_format_@ mask_prefix_@ mask_decimal_places_@ mask_time_mask_format_@ fme_phone_format_@ credit_card_options_@ mask_auto_placeholder_@ fme_brazilian_formats_@ elementor-field-textual\" placeholder=\"(xx)00000-0000\" required=\"required\" data-mask=\"ev-tel-ddd9\">\n\t\t\t\t\t\t\t\t\t\t\t<\/div>\n\t\t\t\t\t\t\t\t<div class=\"elementor-field-group elementor-column elementor-field-type-submit elementor-col-100 e-form__buttons\">\n\t\t\t\t\t<button class=\"elementor-button elementor-size-md\" type=\"submit\">\n\t\t\t\t\t\t<span class=\"elementor-button-content-wrapper\">\n\t\t\t\t\t\t\t\t\t\t\t\t\t\t\t<span class=\"elementor-button-icon\">\n\t\t\t\t\t\t\t\t\t<svg aria-hidden=\"true\" class=\"e-font-icon-svg e-fas-angle-right\" viewBox=\"0 0 256 512\" xmlns=\"http:\/\/www.w3.org\/2000\/svg\"><path d=\"M224.3 273l-136 136c-9.4 9.4-24.6 9.4-33.9 0l-22.6-22.6c-9.4-9.4-9.4-24.6 0-33.9l96.4-96.4-96.4-96.4c-9.4-9.4-9.4-24.6 0-33.9L54.3 103c9.4-9.4 24.6-9.4 33.9 0l136 136c9.5 9.4 9.5 24.6.1 34z\"><\/path><\/svg>\t\t\t\t\t\t\t\t\t\t\t\t\t\t\t\t\t<\/span>\n\t\t\t\t\t\t\t\t\t\t\t\t\t\t\t\t\t\t\t\t\t\t<span class=\"elementor-button-text\">SOLICITAR CADASTRO<\/span>\n\t\t\t\t\t\t\t\t\t\t\t\t\t<\/span>\n\t\t\t\t\t<\/button>\n\t\t\t\t<\/div>\n\t\t\t<\/div>\n\t\t<\/form>\n\t\t\t\t\t\t<\/div>\n\t\t\t\t<\/div>\n\t\t\t\t<div class=\"elementor-element elementor-element-57d144c color-scheme-inherit text-left elementor-widget elementor-widget-text-editor\" data-id=\"57d144c\" data-element_type=\"widget\" data-widget_type=\"text-editor.default\">\n\t\t\t\t<div class=\"elementor-widget-container\">\n\t\t\t\t\t\t\t\t\tAo enviar o formul\u00e1rio, eu declaro que estou de acordo com a Pol\u00edtica de Privacidade.\t\t\t\t\t\t\t\t<\/div>\n\t\t\t\t<\/div>\n\t\t\t\t<div class=\"elementor-element elementor-element-f1e558e elementor-widget elementor-widget-html\" data-id=\"f1e558e\" data-element_type=\"widget\" data-widget_type=\"html.default\">\n\t\t\t\t<div class=\"elementor-widget-container\">\n\t\t\t\t\t<script>\n    document.addEventListener('DOMContentLoaded', function() {\n    const estadoField = document.querySelector('#form-field-estado');\n    const cidadeField = document.querySelector('#form-field-cidade');\n\n    estadoField.addEventListener('change', function(e) {\n        const uf = e.target.value;\n        cidadeField.innerHTML = '';\n\n        fetch(`https:\/\/servicodados.ibge.gov.br\/api\/v1\/localidades\/estados\/${uf}\/municipios`)\n            .then(response => response.json())\n            .then(cidades => {\n                cidades.forEach(cidade => {\n                    const option = document.createElement('option');\n                    option.value = cidade.nome;\n                    option.textContent = cidade.nome;\n                    cidadeField.appendChild(option);\n                });\n            })\n            .catch(error => {\n                console.error('Erro ao buscar cidades:', error);\n            });\n    });\n});\n<\/script>\n<script type=\"text\/javascript\">\n\/* M\u00e1scaras ER *\/\nfunction mascara(o, f) {\n  v_obj = o;\n  v_fun = f;\n  setTimeout(\"execmascara()\", 1);\n}\n\nfunction execmascara() {\n  v_obj.value = v_fun(v_obj.value);\n}\n\nfunction mtel(v) {\n  var formattedNumber = v.replace(\/\\D\/g, \"\"); \/\/ Remove tudo o que n\u00e3o \u00e9 d\u00edgito\n\n  if (formattedNumber.length >= 2 && formattedNumber.length <= 10) {\n    \/\/ Formato brasileiro antigo (XX) XXXX-XXXX\n    formattedNumber = \"(\" + formattedNumber.substring(0, 2) + \") \" + formattedNumber.substring(2, 6) + \"-\" + formattedNumber.substring(6);\n  } else if (formattedNumber.length === 11 && formattedNumber.startsWith(\"1\")) {\n    \/\/ Formato americano (XXX) XXX-XXXX\n    formattedNumber = \"(\" + formattedNumber.substring(0, 3) + \") \" + formattedNumber.substring(3, 6) + \"-\" + formattedNumber.substring(6);\n  } else if (formattedNumber.length >= 11) {\n    \/\/ Formato brasileiro novo (XX) XXXXX-XXXX\n    formattedNumber = \"(\" + formattedNumber.substring(0, 2) + \") \" + formattedNumber.substring(2, 7) + \"-\" + formattedNumber.substring(7);\n  }\n\n  return formattedNumber;\n}\n\nfunction id(el) {\n  return document.getElementById(el);\n}\n\nwindow.onload = function() {\n  var telefone = document.querySelectorAll('.elementor-form input[name=\"form_fields[telefone]\"]');\n\n  for (var i = 0; i < telefone.length; i++) {\n    telefone[i].setAttribute('pattern', '.{14,}');\n    telefone[i].setAttribute('maxlength', 15);\n    telefone[i].oninput = function(e) {\n      if (e.inputType === \"deleteContentBackward\" || e.inputType === \"deleteContentForward\") {\n        \/\/ Permite exclus\u00e3o de caracteres, incluindo os s\u00edmbolos especiais (-, (, ))\n        return;\n      }\n      mascara(this, mtel);\n    }\n  }\n}\n<\/script>\t\t\t\t<\/div>\n\t\t\t\t<\/div>\n\t\t\t\t<\/div>\n\t\t\t\t<\/div>\n\t\t\t\t<\/div>\n\t\t","protected":false},"excerpt":{"rendered":"<p>VALIDA\u00c7\u00c3O AUTOM\u00c1TICA Solicitar Cadastro A Horizon s\u00f3 realiza vendas para lojistas. Se voc\u00ea \u00e9 um lojista, por favor, solicite seu<\/p>\n","protected":false},"author":1,"featured_media":0,"parent":0,"menu_order":0,"comment_status":"closed","ping_status":"closed","template":"elementor_header_footer","meta":{"_acf_changed":false,"footnotes":""},"class_list":["post-10822","page","type-page","status-publish","hentry"],"acf":[],"_links":{"self":[{"href":"https:\/\/horizondistribuidora.com\/index.php\/wp-json\/wp\/v2\/pages\/10822","targetHints":{"allow":["GET"]}}],"collection":[{"href":"https:\/\/horizondistribuidora.com\/index.php\/wp-json\/wp\/v2\/pages"}],"about":[{"href":"https:\/\/horizondistribuidora.com\/index.php\/wp-json\/wp\/v2\/types\/page"}],"author":[{"embeddable":true,"href":"https:\/\/horizondistribuidora.com\/index.php\/wp-json\/wp\/v2\/users\/1"}],"replies":[{"embeddable":true,"href":"https:\/\/horizondistribuidora.com\/index.php\/wp-json\/wp\/v2\/comments?post=10822"}],"version-history":[{"count":199,"href":"https:\/\/horizondistribuidora.com\/index.php\/wp-json\/wp\/v2\/pages\/10822\/revisions"}],"predecessor-version":[{"id":11418,"href":"https:\/\/horizondistribuidora.com\/index.php\/wp-json\/wp\/v2\/pages\/10822\/revisions\/11418"}],"wp:attachment":[{"href":"https:\/\/horizondistribuidora.com\/index.php\/wp-json\/wp\/v2\/media?parent=10822"}],"curies":[{"name":"wp","href":"https:\/\/api.w.org\/{rel}","templated":true}]}}