{"id":11154,"date":"2024-10-28T12:05:01","date_gmt":"2024-10-28T15:05:01","guid":{"rendered":"https:\/\/horizondistribuidora.com\/?post_type=product&#038;p=11154"},"modified":"2024-10-28T17:38:37","modified_gmt":"2024-10-28T20:38:37","slug":"bucha-duopower","status":"publish","type":"product","link":"https:\/\/horizondistribuidora.com\/index.php\/produto\/bucha-duopower\/","title":{"rendered":"Bucha DuoPower 8mm"},"content":{"rendered":"<p>A DuoPower da fischer \u00e9 uma bucha inteligente de 2 componentes com tr\u00eas princ\u00edpios de funcionamento. A DuoPower da fischer \u00e9 ideal para fixa\u00e7\u00f5es em todos os materiais de constru\u00e7\u00e3o. Isto permite aplica\u00e7\u00f5es muito vers\u00e1teis com apenas uma bucha. A DuoPower da fischer adapta-se naturalmente ao material e distribui os m\u00e1ximos valores de carga mediante os tr\u00eas princ\u00edpios funcionais de bloqueio, expans\u00e3o e tor\u00e7\u00e3o.<\/p>\n<p>&nbsp;<\/p>\n<p>&nbsp;<\/p>\n","protected":false},"excerpt":{"rendered":"<p>A DuoPower da fischer \u00e9 uma bucha inteligente de 2 componentes com tr\u00eas princ\u00edpios de funcionamento. A DuoPower da fischer<\/p>\n","protected":false},"featured_media":11159,"comment_status":"open","ping_status":"closed","template":"","meta":{"_acf_changed":false},"product_brand":[],"product_cat":[155,143,142],"product_tag":[153],"class_list":{"0":"post-11154","1":"product","2":"type-product","3":"status-publish","4":"has-post-thumbnail","6":"product_cat-8mm","7":"product_cat-buchas","8":"product_cat-componentes-de-fixacoes-gerais","9":"product_tag-8mm","11":"first","12":"instock","13":"shipping-taxable","14":"purchasable","15":"product-type-simple"},"acf":[],"_links":{"self":[{"href":"https:\/\/horizondistribuidora.com\/index.php\/wp-json\/wp\/v2\/product\/11154","targetHints":{"allow":["GET"]}}],"collection":[{"href":"https:\/\/horizondistribuidora.com\/index.php\/wp-json\/wp\/v2\/product"}],"about":[{"href":"https:\/\/horizondistribuidora.com\/index.php\/wp-json\/wp\/v2\/types\/product"}],"replies":[{"embeddable":true,"href":"https:\/\/horizondistribuidora.com\/index.php\/wp-json\/wp\/v2\/comments?post=11154"}],"version-history":[{"count":5,"href":"https:\/\/horizondistribuidora.com\/index.php\/wp-json\/wp\/v2\/product\/11154\/revisions"}],"predecessor-version":[{"id":11200,"href":"https:\/\/horizondistribuidora.com\/index.php\/wp-json\/wp\/v2\/product\/11154\/revisions\/11200"}],"wp:featuredmedia":[{"embeddable":true,"href":"https:\/\/horizondistribuidora.com\/index.php\/wp-json\/wp\/v2\/media\/11159"}],"wp:attachment":[{"href":"https:\/\/horizondistribuidora.com\/index.php\/wp-json\/wp\/v2\/media?parent=11154"}],"wp:term":[{"taxonomy":"product_brand","embeddable":true,"href":"https:\/\/horizondistribuidora.com\/index.php\/wp-json\/wp\/v2\/product_brand?post=11154"},{"taxonomy":"product_cat","embeddable":true,"href":"https:\/\/horizondistribuidora.com\/index.php\/wp-json\/wp\/v2\/product_cat?post=11154"},{"taxonomy":"product_tag","embeddable":true,"href":"https:\/\/horizondistribuidora.com\/index.php\/wp-json\/wp\/v2\/product_tag?post=11154"}],"curies":[{"name":"wp","href":"https:\/\/api.w.org\/{rel}","templated":true}]}}